by 18?
16
Suppose 0 = -r - 408 + 409. Calculate the remainder when ((-3)/4)/((-2)/8) is divided by r.
0
Let c(j) = 2*j**2 + 2*j + 5. Let u be c(-4). Let s = u + -13. What is the remainder when 30 is divided by s?
14
Suppose 0 = -6*f + 2*f - 704. Suppose -3*s + 32 + 64 = 0. Calculate the remainder when s is divided by (2/(-4))/(8/f).
10
Suppose 11 = 4*d - 5. Suppose 3*y = -r + 68, 3*r - 240 = -r - d*y. Calculate the remainder when r is divided by 19.
18
Let g(w) = -6*w. Let p(y) = y**2 + 8*y + 3. Let v be p(-7). What is the remainder when 70 is divided by g(v)?
22
Let f be (-3)/3 - 3 - 2. Let m be 4/f + 20/3. Calculate the remainder when 94/m + 1/3 is divided by 6.
4
Suppose 3*m + 2*m - 36 = -2*u, 0 = -u - 4*m + 24. Suppose -4*n + 4 = -8. Suppose -4*l + 9 + n = 0. Calculate the remainder when u is divided by l.
2
Suppose 6 + 3 = 3*w. Let r(a) = a**2 + a + 3. Calculate the remainder when 27 is divided by r(w).
12
Let d be 2 + -1 + 2 - -329. Suppose 5*t - t = d. What is the remainder when t is divided by 21?
20
Let w(p) = -17*p**3 + p**2 + p. Let x = -5 - -4. Calculate the remainder when 50 is divided by w(x).
16
Suppose -7 = -3*z + 2. Calculate the remainder when 12 is divided by z.
0
Suppose 0 = -0*i + 5*i - 90. Let t be (1 - (4 - 2))/(-1). Let m = t + i. Calculate the remainder when m is divided by 10.
9
Let f(o) = 3*o**2 - 1. What is the remainder when f(3) is divided by 9?
8
Let w = 60 + -50. What is the remainder when 69 is divided by w?
9
Let q(g) = -g + 4. Let l be q(0). Suppose s = 4*v + 17, -l*s = -s - 3*v - 33. Calculate the remainder when s is divided by 5.
4
Calculate the remainder when 34 is divided by (14/(-4) + 0)*(-12)/7.
4
Let a(b) = 4*b + 27. What is the remainder when a(-2) is divided by 8?
3
Let j(o) = 2*o**2 - 5*o - 3. Let n(t) = 6*t**2 - 2*t + 3. Calculate the remainder when n(-3) is divided by j(5).
19
Suppose g - 3*g = 0. Let z(d) = d**3 + d**2 + d + 6. Calculate the remainder when z(g) is divided by (-1 + 3)*(-10)/(-5).
2
Let h(o) = o**2 - 3*o + 8. Calculate the remainder when 15 is divided by h(0).
7
Let b = 29 - 18. Let i(g) = g**3 + 7*g**2 + 6*g - 3. Let c be i(-5). Let x = c + 15. What is the remainder when x is divided by b?
10
Suppose -5*j + 2*n + 201 = 0, -5*n = 3*j + 78 - 211. What is the remainder when j is divided by 10 + 2/(1 + 1)?
8
Calculate the remainder when 183 is divided by 1 + (-2 - -1) + (36 - -1).
35
Let i(a) = -a**2 + 10*a + 7. Calculate the remainder when i(8) is divided by 6.
5
Suppose -5*q = 6 + 9, 0 = -2*d - q + 125. What is the remainder when d is divided by 13?
12
Let s(u) be the third derivative of u**4/3 - 4*u**3/3 - 2*u**2. What is the remainder when s(9) is divided by 33?
31
Suppose -8*h + 6*h - 4*s = -36, 0 = -4*h - 5*s + 69. Suppose 0*t - 2*t = -12. Calculate the remainder when h is divided by t.
4
Suppose 0 = 4*k + 23 - 91. Calculate the remainder when k is divided by 9.
8
Suppose -7 = -3*q + l, -3 + 11 = 4*l. Let j be 2 + q/(6/100). Suppose 0 = m + 14 - j. Calculate the remainder when m is divided by 13.
12
Let d(w) = w**2 - 6*w - 8. Let m = 37 + -14. Calculate the remainder when m is divided by d(8).
7
Suppose -111 = -5*p + 49. Suppose -5*w + 175 = 5*r, 5*r + 50 = 2*w + 3*r. Suppose -5*u + 25 = -w. What is the remainder when p is divided by u?
10
Suppose 0 = 2*u - 0*u - 38. Suppose 6*s = s + 280. What is the remainder when s is divided by u?
18
Let f = 143 - 102. Let n(i) = 2*i + 2. Let u be 4/(-14) - 88/(-14). Calculate the remainder when f is divided by n(u).
13
Let c(w) = 3*w**2 - 5. Calculate the remainder when c(3) is divided by 13.
9
Suppose 4*w - 114 = 34. Let h = w + -12. Calculate the remainder when (-537)/(-11) + 30/165 is divided by h.
24
Let j = 15 - 10. Suppose 6*k = 2*k + 12. Suppose k*c - 29 = 13. What is the remainder when c is divided by j?
4
Let r(i) = -6*i - 6. Let m(u) = u**3 + 6*u**2 + 6*u - 3. Let y be m(-5). Calculate the remainder when r(y) is divided by 15.
12
Suppose 5*q - 30 = -0*q. Suppose -3*g = 3*v - 6, g - q*g = 3*v - 18. Calculate the remainder when 21 is divided by g.
3
Let q(t) = -t + 2. Calculate the remainder when 43 is divided by q(-7).
7
Suppose 9 + 0 = 3*h. What is the remainder when 16 is divided by h?
1
Let n be (2 + -1)*12/(-3). Let u = 0 - n. What is the remainder when 2 is divided by (u/(-3))/((-4)/6)?
0
Suppose 5*b + 43 = -3*d, 3*d - b + 35 = 4. Suppose -2*h + 46 = -4*h. Let t = d - h. Calculate the remainder when 22 is divided by t.
10
Let u = -26 - -36. Calculate the remainder when 39 is divided by u.
9
Let g(w) = 7*w**2 + w. Let i be g(1). Let r(z) = -6*z - 2 - 1 - 1 + z**2. What is the remainder when 34 is divided by r(i)?
10
What is the remainder when (-1)/(-2) - (-5)/10 is divided by 6/(-4)*(-2)/3?
0
Let m = 7 - -40. What is the remainder when 136 is divided by m?
42
Suppose 3*i + 31 = 7*i - v, 4*v = -4*i + 56. Suppose 34 = 7*n - 5*n. What is the remainder when n is divided by 4/18 - (-79)/i?
8
Suppose -8*g = 3*g - 121. What is the remainder when 20 is divided by g?
9
Suppose 0 = -5*s - 14 - 61. Let p be s*-1*(1 + 0). Let w = p - 7. Calculate the remainder when 23 is divided by w.
7
Let u(y) = y - 2. Let s be u(-2). Calculate the remainder when 45 is divided by (2/s)/((-4)/96).
9
Suppose -3*z - z = -20. Suppose -z*t + 81 = -9. What is the remainder when t is divided by 5?
3
Suppose 0 = -0*o + 5*o - 115. Let d = 7 - 3. Suppose d = -3*u + 40. Calculate the remainder when o is divided by u.
11
Let r(n) = n + 6. Let t be r(-6). Suppose t*z - 12 = -3*z. Suppose -3*g + z = a - 4*g, g - 11 = -2*a. What is the remainder when a is divided by 2?
1
Let i = 4 - 4. Suppose i = t - 6 + 3. Suppose -3*x - 21 = 4*o - 61, -t*x + 1 = o. Calculate the remainder when 37 is divided by o.
11
Let g be (39/(-15) + 3)*100. Let q = -28 + g. What is the remainder when 34 is divided by q?
10
Let v = -60 + 85. Let i = -16 + v. What is the remainder when 17 is divided by i?
8
Let o = -7 + 9. Let x = 0 + 4. Suppose x*g = o*g + 10. Calculate the remainder when g is divided by 4.
1
Let f(w) = w**2. Let z be f(1). Suppose -4*v - 5*n - 16 - z = 0, 0 = -3*v + n + 11. What is the remainder when v is divided by 0 - 1 - (-5 - -2)?
0
Let y be ((-2)/4)/(5/(-560)). What is the remainder when y - (-2)/(-2)*-2 is divided by 15?
13
Let b(m) = m**2 + 1. Let o be b(-1). Suppose -76 = -4*r + 4*u, -30 = -o*r - 2*u - 4. Calculate the remainder when 29 is divided by r.
13
Let g(i) = i**2 - 3*i. Let p be g(4). Suppose 0 = -s - 0*s - p. Let f(x) = -4*x - 1. What is the remainder when 28 is divided by f(s)?
13
Suppose -6 = -w + 5. Let s(t) be the third derivative of t**6/120 - t**5/10 + t**4/8 + t**3/2 + 2*t**2. What is the remainder when s(6) is divided by w?
10
Suppose 2*d = d + 6. Suppose 2*j + 32 = d*j. Suppose 14 = n - 7. Calculate the remainder when n is divided by j.
5
Let t(c) = -2*c - 13. Let a(d) = -d - 1. Let z be a(11). What is the remainder when t(z) is divided by 6?
5
What is the remainder when 117 is divided by 20/(3/(-9) + 1)?
27
Suppose -o + 3*o = 4. Suppose -20 = 4*r, o*x + 26 = 6*x - 2*r. Calculate the remainder when 9 is divided by x.
1
What is the remainder when (0/(-2))/2 - -28 is divided by 15/2*(-3 - (-78)/18)?
8
Suppose 0 = 2*a - 6 - 0. Let h = 3 + -1. Suppose f - 6 = -h. Calculate the remainder when f is divided by a.
1
Let c(j) = j + 7. Let a = 3 - -17. Calculate the remainder when a is divided by c(0).
6
Suppose 0*q - 3*q - 15 = 0. Let s = q + 7. Suppose 2*n = 4*t - 2, 36 = 5*n - s*t + 1. What is the remainder when n is divided by 5?
4
Let z(i) be the third derivative of -i**4/24 + 5*i**3/3 + i**2. Calculate the remainder when 6 is divided by z(8).
0
Let u = 356 - 351. Suppose 5*r = -4*i + 67 + 15, r = 2. Calculate the remainder when i is divided by u.
3
Let d(n) = 23*n - 19. What is the remainder when d(6) is divided by 24?
23
Suppose -5*f - 4*m = -175, 2*m = 3*f + m - 88. Calculate the remainder when f is divided by 17.
14
Suppose 4 = 5*d - 4*d. Calculate the remainder when 8 is divided by d.
0
Suppose 2*y + 10 = 5*m - 15, 5*m - 4*y = 15. Let z = m + 8. Let b = 20 + 9. What is the remainder when b is divided by z?
14
Suppose -2*y + 10 = -8. Calculate the remainder when 34 is divided by y.
7
Let c(u) = -u - 6. Let p(v) = 1. Let y(z) = -c(z) - 4*p(z). What 